e
Is 127607 prime?
True
Is 653239 a prime number?
False
Is 10817 prime?
False
Is 281663 composite?
False
Is 7907 a prime number?
True
Is 15877 composite?
False
Is 1439653 a composite number?
True
Is 1250087 a composite number?
False
Is 25931 a composite number?
False
Is 27785 prime?
False
Is 14461 composite?
False
Is 640049 a prime number?
True
Is 137879 a composite number?
True
Is 17519 a composite number?
False
Is 914 a composite number?
True
Is 26583 prime?
False
Is 498101 composite?
False
Is 2921 a composite number?
True
Is 256469 composite?
False
Is 151743 a composite number?
True
Is 14233 prime?
False
Is 20533 prime?
True
Is 11435 composite?
True
Is 58133 prime?
False
Is 4303 prime?
False
Is 1069 a prime number?
True
Is 68171 a prime number?
True
Is 1535837 composite?
False
Is 322397 composite?
False
Is 347489 a composite number?
False
Is 3119941 composite?
True
Is 303059 prime?
False
Is 46979 a composite number?
True
Is 20407 a composite number?
False
Is 7403 a prime number?
False
Is 1069663 composite?
True
Is 1439 composite?
False
Is 439259 prime?
False
Is 22181 composite?
True
Is 28771 composite?
False
Is 686877 composite?
True
Is 15121 prime?
True
Is 6299 a prime number?
True
Is 1841 a composite number?
True
Is 154058 a composite number?
True
Is 20222 a composite number?
True
Is 125747 prime?
False
Is 415291 composite?
True
Is 543809 prime?
False
Is 51893 prime?
True
Is 324559 a prime number?
False
Is 12791 a composite number?
False
Is 6595 a composite number?
True
Is 1087 composite?
False
Is 54771 a prime number?
False
Is 56761 a composite number?
True
Is 87613 a prime number?
True
Is 946697 prime?
True
Is 2437791 a prime number?
False
Is 9803 a prime number?
True
Is 106143 composite?
True
Is 1641457 a prime number?
True
Is 47491 a composite number?
False
Is 2209821 a prime number?
False
Is 469969 composite?
False
Is 739433 composite?
False
Is 648611 composite?
True
Is 22991 prime?
False
Is 109351 a composite number?
True
Is 29347 composite?
False
Is 815 prime?
False
Is 39499 a prime number?
True
Is 2481091 a composite number?
False
Is 52139 prime?
False
Is 62801 prime?
True
Is 395243 a prime number?
True
Is 3867 a composite number?
True
Is 19613 prime?
False
Is 330983 a composite number?
False
Is 16078 composite?
True
Is 467429 prime?
False
Is 13535 composite?
True
Is 5129 a prime number?
False
Is 332509 composite?
False
Is 85123 composite?
True
Is 1111 a composite number?
True
Is 653243 a composite number?
False
Is 7679 prime?
False
Is 2921 composite?
True
Is 6947 a prime number?
True
Is 18041 a composite number?
False
Is 234667 composite?
True
Is 12197 prime?
True
Is 146191 a prime number?
True
Is 79873 composite?
False
Is 135559 a prime number?
True
Is 18893 a composite number?
True
Is 54101 composite?
False
Is 1089253 composite?
True
Is 58177 prime?
False
Is 997247 prime?
True
Is 36647 prime?
False
Is 15445 a prime number?
False
Is 93679 prime?
False
Is 1529 a prime number?
False
Is 941453 prime?
True
Is 16237 a composite number?
True
Is 26083 prime?
True
Is 316363 a prime number?
True
Is 375341 prime?
True
Is 73133 a composite number?
False
Is 22303 a prime number?
True
Is 10031 prime?
False
Is 247847 a prime number?
True
Is 663709 composite?
False
Is 107111 prime?
False
Is 2813 a prime number?
False
Is 1030702 prime?
False
Is 74915 composite?
True
Is 214453 prime?
False
Is 390703 a prime number?
True
Is 43573 a composite number?
False
Is 265703 a composite number?
False
Is 9409 composite?
True
Is 80867 a composite number?
True
Is 3719 composite?
False
Is 1356319 a composite number?
False
Is 6857 a composite number?
False
Is 45119 a composite number?
False
Is 1123 a prime number?
True
Is 1148837 composite?
False
Is 36863 composite?
True
Is 336119 composite?
True
Is 178306 a prime number?
False
Is 334859 a composite number?
True
Is 58831 composite?
False
Is 598303 a prime number?
True
Is 31469 a prime number?
True
Is 1098497 a composite number?
True
Is 405317 a composite number?
True
Is 14143 a prime number?
True
Is 86249 prime?
True
Is 1382831 prime?
False
Is 13471 a prime number?
False
Is 22181 prime?
False
Is 1039 composite?
False
Is 112121 a prime number?
True
Is 1361 composite?
False
Is 135827 composite?
True
Is 735151 a prime number?
False
Is 5129 a prime number?
False
Is 1057 a prime number?
False
Is 76357 a prime number?
False
Is 1375339 prime?
False
Is 11967 composite?
True
Is 4237 a prime number?
False
Is 15586 composite?
True
Is 120643 a prime number?
False
Is 86423 composite?
False
Is 474181 a composite number?
True
Is 1399 prime?
True
Is 1643 a prime number?
False
Is 363659 a prime number?
True
Is 985213 composite?
False
Is 13259 a composite number?
False
Is 335 a composite number?
True
Is 6443701 a prime number?
False
Is 882433 composite?
False
Is 2581 prime?
False
Is 80273 composite?
False
Is 3109 a composite number?
False
Is 9026 prime?
False
Is 45361 a composite number?
False
Is 3679 composite?
True
Is 24577 a prime number?
False
Is 898 prime?
False
Is 1149843 prime?
False
Is 9143 prime?
False
Is 398399 a composite number?
True
Is 34241 composite?
True
Is 3028867 composite?
False
Is 19553 prime?
True
Is 103193 prime?
False
Is 29941 a composite number?
True
Is 518659 composite?
True
Is 201613 composite?
True
Is 67126 prime?
False
Is 142001 prime?
False
Is 805339 a prime number?
True
Is 15193 prime?
True
Is 1130471 prime?
True
Is 1401349 a prime number?
True
Is 13829 a composite number?
False
Is 63913 prime?
True
Is 1333523 a composite number?
True
Is 545963 a composite number?
True
Is 68639 a composite number?
False
Is 9017 prime?
False
Is 11279 a composite number?
False
Is 105843 prime?
False
Is 2236943 a composite number?
False
Is 1319 composite?
False
Is 211691 a composite number?
False
Is 138497 prime?
True
Is 4889 a prime number?
True
Is 15779 a composite number?
True
Is 19861 prime?
True
Is 805685 a prime number?
False
Is 115201 composite?
False
Is 300467 a prime number?
False
Is 293219 a composite number?
True
Is 57103 composite?
True
Is 661663 a composite number?
False
Is 326 composite?
True
Is 25657 a composite number?
False
Is 967 a composite number?
False
Is 2227 a prime number?
False
Is 1922959 prime?
False
Is 10219 a prime number?
False
Is 4502 composite?
True
Is 1633 prime?
False
Is 68567 a prime number?
True
Is 3371 composite?
False
Is 942343 a prime number?
False
Is 47041 composite?
False
Is 47447 a composite number?
True
Is 2101 composite?
True
Is 35339 prime?
True
Is 4327 prime?
True
Is 3774889 a composite number?
False
Is 181871 prime?
True
Is 270089 composite?
True
Is 4427 composite?
True
Is 254503 prime?
False
Is 33377 a composite number?
False
Is 258565 a composite number?
True
Is 1904759 a prime number?
False
Is 3643561 composite?
False
Is 536353 prime?
True
Is 376819 a composite number?
False
Is 39838 composite?
True
Is 1711859 prime?
True
Is 40099 a prime number?
True
Is 48647 composite?
False
Is 4474 prime?
False
Is 66329 a prime number?
False
Is 29779 a composite number?
True
Is 63001 prime?
False
Is 30361 a prime number?
False
Is 991663 composite?
False
Is 19447 a prime number?
True
Is 73478 composite?
True
Is 1207039 a composite number?
False
Is 2743931 composite?
False
Is 171007 a prime number?
True
Is 1509 composite?
True
Is 89515 a prime number?
False
Is 51361 composite?
False
Is 455303 composite?
True
Is 6341 a composite number?
True
Is 998 prime?
False
Is 498107 a prime number?
False
Is 10079 prime?
True
Is 389 prime?
True
Is 10643 prime?
False
Is 10378 a prime number?
False
Is 40747 prime?
False
Is 91537 a composite number?
True
Is 1367 a composite number?
False
Is 1101 composite?
True
Is 40247 prime?
False
Is 165343 prime?
True
Is 107243 a composite number?
False
Is 93809 composite?
False
Is 58021 composite?
True
Is 6943 a prime number?
False
Is 56453 a composite number?
False
Is 14779 composite?
False
Is 15178 a composite number?
True
Is 4881 a prime number?
False
Is 199453 prime?
True
Is 81827 a prime number?
False
Is 144193 prime?
False
Is 17291 a prime number?
True
Is 14309 a prime number?
False
Is 1009805 composite?
True
Is 57659 a prime number?
False
Is 5189 prime?
True
Is 35151 a composite number?
True
Is 5141 a prime number?
False
Is 1741 a composite number?
False